{"id":370,"date":"2016-05-10T23:26:08","date_gmt":"2016-05-10T21:26:08","guid":{"rendered":"http:\/\/amaltea-mujeres.org\/?page_id=370"},"modified":"2016-05-25T12:47:59","modified_gmt":"2016-05-25T10:47:59","slug":"inmigracion","status":"publish","type":"page","link":"https:\/\/amaltea-mujeres.org\/?page_id=370","title":{"rendered":"Inmigraci\u00f3n"},"content":{"rendered":"<p>Fomentar la igualdad de derechos de la poblaci\u00f3n inmigrante, su integraci\u00f3n en la sociedad de acogida y la convivencia social mediante la aceptaci\u00f3n de la diversidad y la diferencia es tambi\u00e9n el objetivo de nuestros proyectos y actividades.<\/p>\n<p>Promocionamos la interculturalidad y el aprendizaje de habilidades sociales b\u00e1sicas, como la lengua, y de recursos de apoyo como la atenci\u00f3n psicol\u00f3gica o el desarrollo de programas de integraci\u00f3n social progresiva.<\/p>\n<h3><span style=\"color: #db0900;\">Diversidad 2015<\/span><\/h3>\n<p>Dentro de este programa, durante 2015 hemos desarrollado distintos cursos de castellanizaci\u00f3n y alfabetizaci\u00f3n para mujeres inmigrantes, incluyendo el desarrollo de habilidades sociales que aumentan su autoestima y favorecen su integraci\u00f3n social y laboral.<\/p>\n<h3><span style=\"color: #db0900;\">Atenci\u00f3n personalizada<\/span><\/h3>\n<p>La atenci\u00f3n personalizada de las mujeres que se acercan a la asociaci\u00f3n es un proyecto siempre en marcha para nosotras. Durante los \u00faltimos a\u00f1os las circunstancias sociales de nuestro pa\u00eds han hecho que un buen n\u00famero de ellas fueran inmigrantes. Por ello, desarrollamos programas especialmente dise\u00f1ados para atender sus necesidades de manera que su integraci\u00f3n sea m\u00e1s f\u00e1cil y alejada de situaciones de discriminaci\u00f3n.<\/p>\n<h3><span style=\"color: #db0900;\">Frente a la intolerancia, un libro<\/span><\/h3>\n<p>Con esta campa\u00f1a, desarrollada durante 2015, conseguimos que este colectivo de mujeres se acerque a nuestra lengua y cultura de una forma natural y positiva, facilitando su integraci\u00f3n y su sensaci\u00f3n de pertenencia al grupo.<\/p>\n","protected":false},"excerpt":{"rendered":"<p>Fomentar la igualdad de derechos de la poblaci\u00f3n inmigrante, su integraci\u00f3n en la sociedad de acogida y la convivencia social mediante la aceptaci\u00f3n de la diversidad y la diferencia es tambi\u00e9n el objetivo de nuestros proyectos y actividades. Promocionamos la interculturalidad y el aprendizaje de habilidades sociales b\u00e1sicas, como la lengua, y de recursos de apoyo como la atenci\u00f3n psicol\u00f3gica o el desarrollo de programas de integraci\u00f3n social progresiva. Diversidad 2015 Dentro de este programa, durante 2015 hemos desarrollado distintos cursos de castellanizaci\u00f3n y alfabetizaci\u00f3n para mujeres inmigrantes, incluyendo el desarrollo de habilidades sociales que aumentan su autoestima y favorecen su integraci\u00f3n social y laboral. Atenci\u00f3n personalizada La atenci\u00f3n personalizada [&hellip;]<\/p>\n","protected":false},"author":1,"featured_media":0,"parent":311,"menu_order":3,"comment_status":"closed","ping_status":"closed","template":"","meta":{"site-sidebar-layout":"default","site-content-layout":"","ast-site-content-layout":"default","site-content-style":"default","site-sidebar-style":"default","ast-global-header-display":"","ast-banner-title-visibility":"","ast-main-header-display":"","ast-hfb-above-header-display":"","ast-hfb-below-header-display":"","ast-hfb-mobile-header-display":"","site-post-title":"","ast-breadcrumbs-content":"","ast-featured-img":"","footer-sml-layout":"","theme-transparent-header-meta":"","adv-header-id-meta":"","stick-header-meta":"","header-above-stick-meta":"","header-main-stick-meta":"","header-below-stick-meta":"","astra-migrate-meta-layouts":"default","ast-page-background-enabled":"default","ast-page-background-meta":{"desktop":{"background-color":"var(--ast-global-color-5)","background-image":"","background-repeat":"repeat","background-position":"center center","background-size":"auto","background-attachment":"scroll","background-type":"","background-media":"","overlay-type":"","overlay-color":"","overlay-opacity":"","overlay-gradient":""},"tablet":{"background-color":"","background-image":"","background-repeat":"repeat","background-position":"center center","background-size":"auto","background-attachment":"scroll","background-type":"","background-media":"","overlay-type":"","overlay-color":"","overlay-opacity":"","overlay-gradient":""},"mobile":{"background-color":"","background-image":"","background-repeat":"repeat","background-position":"center center","background-size":"auto","background-attachment":"scroll","background-type":"","background-media":"","overlay-type":"","overlay-color":"","overlay-opacity":"","overlay-gradient":""}},"ast-content-background-meta":{"desktop":{"background-color":"var(--ast-global-color-4)","background-image":"","background-repeat":"repeat","background-position":"center center","background-size":"auto","background-attachment":"scroll","background-type":"","background-media":"","overlay-type":"","overlay-color":"","overlay-opacity":"","overlay-gradient":""},"tablet":{"background-color":"var(--ast-global-color-4)","background-image":"","background-repeat":"repeat","background-position":"center center","background-size":"auto","background-attachment":"scroll","background-type":"","background-media":"","overlay-type":"","overlay-color":"","overlay-opacity":"","overlay-gradient":""},"mobile":{"background-color":"var(--ast-global-color-4)","background-image":"","background-repeat":"repeat","background-position":"center center","background-size":"auto","background-attachment":"scroll","background-type":"","background-media":"","overlay-type":"","overlay-color":"","overlay-opacity":"","overlay-gradient":""}},"footnotes":""},"class_list":["post-370","page","type-page","status-publish","hentry"],"_links":{"self":[{"href":"https:\/\/amaltea-mujeres.org\/index.php?rest_route=\/wp\/v2\/pages\/370","targetHints":{"allow":["GET"]}}],"collection":[{"href":"https:\/\/amaltea-mujeres.org\/index.php?rest_route=\/wp\/v2\/pages"}],"about":[{"href":"https:\/\/amaltea-mujeres.org\/index.php?rest_route=\/wp\/v2\/types\/page"}],"author":[{"embeddable":true,"href":"https:\/\/amaltea-mujeres.org\/index.php?rest_route=\/wp\/v2\/users\/1"}],"replies":[{"embeddable":true,"href":"https:\/\/amaltea-mujeres.org\/index.php?rest_route=%2Fwp%2Fv2%2Fcomments&post=370"}],"version-history":[{"count":3,"href":"https:\/\/amaltea-mujeres.org\/index.php?rest_route=\/wp\/v2\/pages\/370\/revisions"}],"predecessor-version":[{"id":409,"href":"https:\/\/amaltea-mujeres.org\/index.php?rest_route=\/wp\/v2\/pages\/370\/revisions\/409"}],"up":[{"embeddable":true,"href":"https:\/\/amaltea-mujeres.org\/index.php?rest_route=\/wp\/v2\/pages\/311"}],"wp:attachment":[{"href":"https:\/\/amaltea-mujeres.org\/index.php?rest_route=%2Fwp%2Fv2%2Fmedia&parent=370"}],"curies":[{"name":"wp","href":"https:\/\/api.w.org\/{rel}","templated":true}]}}