{"id":313,"date":"2016-05-09T15:37:21","date_gmt":"2016-05-09T13:37:21","guid":{"rendered":"http:\/\/amaltea-mujeres.org\/?page_id=313"},"modified":"2016-05-25T12:46:33","modified_gmt":"2016-05-25T10:46:33","slug":"genero-e-igualdad-2","status":"publish","type":"page","link":"https:\/\/amaltea-mujeres.org\/?page_id=313","title":{"rendered":"G\u00e9nero e igualdad"},"content":{"rendered":"<p>La igualdad social de las mujeres es objetivo prioritario en todas y cada una de las actividades y proyectos de la asociaci\u00f3n, de manera transversal y con el fomento y desarrollo de acciones de discriminaci\u00f3n positiva, desde el compromiso activo por la erradicaci\u00f3n de cualquier forma de discriminaci\u00f3n por raz\u00f3n de g\u00e9nero.<\/p>\n<h3><span style=\"color: #db0900;\">Atenci\u00f3n psicol\u00f3gica a mujeres en situaci\u00f3n de exclusi\u00f3n 2015<\/span><\/h3>\n<p>Este proyecto, desarrollado a lo largo de 2015, posibilit\u00f3 la atenci\u00f3n psicol\u00f3gica grupal de mujeres que viv\u00edan alguna forma de exclusi\u00f3n social, marginaci\u00f3n y\/o violencia, con el fin de favorecer la mejora de autoestima y el incremento de habilidades sociales.<\/p>\n<h3><span style=\"color: #db0900;\">Salamanca: mujeres y necesidades<\/span><\/h3>\n<p>La recogida de datos y comentarios de las mujeres que participan en todas nuestras actividades facilita la realizaci\u00f3n de este informe sobre las necesidades de las mujeres en el distrito de Salamanca, y su continua actualizaci\u00f3n.\u00a0Este trabajo, adem\u00e1s, es la base imprescindible para conocer m\u00e1s y mejor nuestro entorno de trabajo.<\/p>\n<h3><span style=\"color: #db0900;\">Programa de apoyo a la inserci\u00f3n laboral<\/span><\/h3>\n<p>Desde principios de 2016 desarrollamos un programa de orientaci\u00f3n laboral y t\u00e9cnicas de b\u00fasqueda de empleo con el objetivo de facilitar una inserci\u00f3n laboral de las mujeres acorde a su formaci\u00f3n y a sus circunstancias personales.<\/p>\n<p>Este programa aumenta la confianza de sus participantes en la elaboraci\u00f3n de curriculum vitae y en la realizaci\u00f3n de entrevistas de trabajo, entre otras habilidades, facilitando su acceso a un puesto de trabajo y fomentando la igualdad de oportunidades.<\/p>\n","protected":false},"excerpt":{"rendered":"<p>La igualdad social de las mujeres es objetivo prioritario en todas y cada una de las actividades y proyectos de la asociaci\u00f3n, de manera transversal y con el fomento y desarrollo de acciones de discriminaci\u00f3n positiva, desde el compromiso activo por la erradicaci\u00f3n de cualquier forma de discriminaci\u00f3n por raz\u00f3n de g\u00e9nero. Atenci\u00f3n psicol\u00f3gica a mujeres en situaci\u00f3n de exclusi\u00f3n 2015 Este proyecto, desarrollado a lo largo de 2015, posibilit\u00f3 la atenci\u00f3n psicol\u00f3gica grupal de mujeres que viv\u00edan alguna forma de exclusi\u00f3n social, marginaci\u00f3n y\/o violencia, con el fin de favorecer la mejora de autoestima y el incremento de habilidades sociales. Salamanca: mujeres y necesidades La recogida de datos y [&hellip;]<\/p>\n","protected":false},"author":1,"featured_media":0,"parent":311,"menu_order":3,"comment_status":"closed","ping_status":"closed","template":"","meta":{"site-sidebar-layout":"default","site-content-layout":"","ast-site-content-layout":"default","site-content-style":"default","site-sidebar-style":"default","ast-global-header-display":"","ast-banner-title-visibility":"","ast-main-header-display":"","ast-hfb-above-header-display":"","ast-hfb-below-header-display":"","ast-hfb-mobile-header-display":"","site-post-title":"","ast-breadcrumbs-content":"","ast-featured-img":"","footer-sml-layout":"","theme-transparent-header-meta":"","adv-header-id-meta":"","stick-header-meta":"","header-above-stick-meta":"","header-main-stick-meta":"","header-below-stick-meta":"","astra-migrate-meta-layouts":"default","ast-page-background-enabled":"default","ast-page-background-meta":{"desktop":{"background-color":"var(--ast-global-color-5)","background-image":"","background-repeat":"repeat","background-position":"center center","background-size":"auto","background-attachment":"scroll","background-type":"","background-media":"","overlay-type":"","overlay-color":"","overlay-opacity":"","overlay-gradient":""},"tablet":{"background-color":"","background-image":"","background-repeat":"repeat","background-position":"center center","background-size":"auto","background-attachment":"scroll","background-type":"","background-media":"","overlay-type":"","overlay-color":"","overlay-opacity":"","overlay-gradient":""},"mobile":{"background-color":"","background-image":"","background-repeat":"repeat","background-position":"center center","background-size":"auto","background-attachment":"scroll","background-type":"","background-media":"","overlay-type":"","overlay-color":"","overlay-opacity":"","overlay-gradient":""}},"ast-content-background-meta":{"desktop":{"background-color":"var(--ast-global-color-4)","background-image":"","background-repeat":"repeat","background-position":"center center","background-size":"auto","background-attachment":"scroll","background-type":"","background-media":"","overlay-type":"","overlay-color":"","overlay-opacity":"","overlay-gradient":""},"tablet":{"background-color":"var(--ast-global-color-4)","background-image":"","background-repeat":"repeat","background-position":"center center","background-size":"auto","background-attachment":"scroll","background-type":"","background-media":"","overlay-type":"","overlay-color":"","overlay-opacity":"","overlay-gradient":""},"mobile":{"background-color":"var(--ast-global-color-4)","background-image":"","background-repeat":"repeat","background-position":"center center","background-size":"auto","background-attachment":"scroll","background-type":"","background-media":"","overlay-type":"","overlay-color":"","overlay-opacity":"","overlay-gradient":""}},"footnotes":""},"class_list":["post-313","page","type-page","status-publish","hentry"],"_links":{"self":[{"href":"https:\/\/amaltea-mujeres.org\/index.php?rest_route=\/wp\/v2\/pages\/313","targetHints":{"allow":["GET"]}}],"collection":[{"href":"https:\/\/amaltea-mujeres.org\/index.php?rest_route=\/wp\/v2\/pages"}],"about":[{"href":"https:\/\/amaltea-mujeres.org\/index.php?rest_route=\/wp\/v2\/types\/page"}],"author":[{"embeddable":true,"href":"https:\/\/amaltea-mujeres.org\/index.php?rest_route=\/wp\/v2\/users\/1"}],"replies":[{"embeddable":true,"href":"https:\/\/amaltea-mujeres.org\/index.php?rest_route=%2Fwp%2Fv2%2Fcomments&post=313"}],"version-history":[{"count":7,"href":"https:\/\/amaltea-mujeres.org\/index.php?rest_route=\/wp\/v2\/pages\/313\/revisions"}],"predecessor-version":[{"id":505,"href":"https:\/\/amaltea-mujeres.org\/index.php?rest_route=\/wp\/v2\/pages\/313\/revisions\/505"}],"up":[{"embeddable":true,"href":"https:\/\/amaltea-mujeres.org\/index.php?rest_route=\/wp\/v2\/pages\/311"}],"wp:attachment":[{"href":"https:\/\/amaltea-mujeres.org\/index.php?rest_route=%2Fwp%2Fv2%2Fmedia&parent=313"}],"curies":[{"name":"wp","href":"https:\/\/api.w.org\/{rel}","templated":true}]}}