{"id":2,"date":"2016-05-07T12:26:51","date_gmt":"2016-05-07T10:26:51","guid":{"rendered":"http:\/\/wp424m.a10-52-158-154.qa.plesk.ru\/wordpress\/?page_id=2"},"modified":"2025-07-09T13:59:58","modified_gmt":"2025-07-09T11:59:58","slug":"inicio","status":"publish","type":"page","link":"https:\/\/amaltea-mujeres.org\/","title":{"rendered":"Inicio"},"content":{"rendered":"\n<h2 class=\"wp-block-heading\"><strong>Inicio de la fase 3 del proyecto Objetivo Inclusi\u00f3n<\/strong><\/h2>\n\n\n<p align=\"justify\"><span style=\"font-family: Liberation Serif, serif;\"><span style=\"color: #000000;\"><span style=\"font-size: medium;\">Iniciamos la tercera fase de<\/span><\/span><span style=\"color: #1f497d;\"><span style=\"font-size: medium;\">l <\/span><\/span><span style=\"color: #222222;\"><span style=\"font-size: medium;\">Proyecto de empoderamiento de mujeres en riesgo de exclusi\u00f3n, \u00abObjetivo Inclusi\u00f3n\u00bb, patrocinado por ASEJU.<\/span><\/span><\/span><\/p>\n<p><a href=\"http:\/\/amaltea-mujeres.org\/wp-content\/uploads\/2019\/02\/iniciofase3proyecto.jpg\"><img loading=\"lazy\" decoding=\"async\" class=\"wp-image-905 aligncenter\" src=\"http:\/\/amaltea-mujeres.org\/wp-content\/uploads\/2019\/02\/iniciofase3proyecto-768x1024.jpg\" alt=\"\" width=\"364\" height=\"485\" srcset=\"https:\/\/amaltea-mujeres.org\/wp-content\/uploads\/2019\/02\/iniciofase3proyecto-768x1024.jpg 768w, https:\/\/amaltea-mujeres.org\/wp-content\/uploads\/2019\/02\/iniciofase3proyecto-225x300.jpg 225w\" sizes=\"auto, (max-width: 364px) 100vw, 364px\" \/><\/a><\/p>\n<p align=\"justify\"><a href=\"http:\/\/amaltea-mujeres.org\/?p=904\">Leer m\u00e1s<\/a><\/p>\n\n\n<h2 class=\"wp-block-heading\">Presentaci\u00f3n informe final, Objetivo: Inclusi\u00f3n<\/h2>\n\n\n<p>Presentamos el informe final de la fase de \u201cInformaci\u00f3n y Orientaci\u00f3n\u201d de nuestro proyecto \u201cOBJETIVO: INCLUSI\u00d3N\u201d,al presidente de ASEJU.<\/p>\n<p><a href=\"http:\/\/amaltea-mujeres.org\/wp-content\/uploads\/2019\/02\/f3e8e53c-a0b0-41b2-8e7c-2b87d5c06f01.jpeg\"><img loading=\"lazy\" decoding=\"async\" class=\"aligncenter  wp-image-897\" src=\"http:\/\/amaltea-mujeres.org\/wp-content\/uploads\/2019\/02\/f3e8e53c-a0b0-41b2-8e7c-2b87d5c06f01-1024x623.jpeg\" alt=\"\" width=\"496\" height=\"302\" srcset=\"https:\/\/amaltea-mujeres.org\/wp-content\/uploads\/2019\/02\/f3e8e53c-a0b0-41b2-8e7c-2b87d5c06f01-1024x623.jpeg 1024w, https:\/\/amaltea-mujeres.org\/wp-content\/uploads\/2019\/02\/f3e8e53c-a0b0-41b2-8e7c-2b87d5c06f01-300x183.jpeg 300w, https:\/\/amaltea-mujeres.org\/wp-content\/uploads\/2019\/02\/f3e8e53c-a0b0-41b2-8e7c-2b87d5c06f01.jpeg 1600w\" sizes=\"auto, (max-width: 496px) 100vw, 496px\" \/><\/a><\/p>\n<p><a href=\"http:\/\/amaltea-mujeres.org\/?p=895\">Leer M\u00e1s<\/a><\/p>\n<p><\/p>\n\n\n<h2 class=\"wp-block-heading\">Reuni\u00f3n con las mujeres participantes en el proyecto Objetivo Inclusi\u00f3n patrocinado por ASEJU: inicio de la segunda actividad<\/h2>\n\n\n<p align=\"justify\">Nos reunimos con un grupo de mujeres para iniciar la segunda fase del Proyecto de empoderamiento de mujeres en riesgo de exclusi\u00f3n, \u00abObjetivo Inclusi\u00f3n\u00bb, patrocinado por ASEJU.<\/p>\n<p align=\"justify\"><a href=\"http:\/\/amaltea-mujeres.org\/wp-content\/uploads\/2019\/02\/IMG-20190201-WA0002.jpg\"><img loading=\"lazy\" decoding=\"async\" class=\"aligncenter  wp-image-851\" src=\"http:\/\/amaltea-mujeres.org\/wp-content\/uploads\/2019\/02\/IMG-20190201-WA0002-1024x768.jpg\" alt=\"\" width=\"448\" height=\"336\" srcset=\"https:\/\/amaltea-mujeres.org\/wp-content\/uploads\/2019\/02\/IMG-20190201-WA0002-1024x768.jpg 1024w, https:\/\/amaltea-mujeres.org\/wp-content\/uploads\/2019\/02\/IMG-20190201-WA0002-300x225.jpg 300w, https:\/\/amaltea-mujeres.org\/wp-content\/uploads\/2019\/02\/IMG-20190201-WA0002.jpg 1600w\" sizes=\"auto, (max-width: 448px) 100vw, 448px\" \/><\/a><\/p>\n<p align=\"justify\"><a href=\"http:\/\/amaltea-mujeres.org\/?p=848\">Leer M\u00e1s<\/a><\/p>","protected":false},"excerpt":{"rendered":"<p>Inicio de la fase 3 del proyecto Objetivo Inclusi\u00f3n Iniciamos la tercera fase del Proyecto de empoderamiento de mujeres en riesgo de exclusi\u00f3n, \u00abObjetivo Inclusi\u00f3n\u00bb, patrocinado por ASEJU. Leer m\u00e1s Presentaci\u00f3n informe final, Objetivo: Inclusi\u00f3n Presentamos el informe final de la fase de \u201cInformaci\u00f3n y Orientaci\u00f3n\u201d de nuestro proyecto \u201cOBJETIVO: INCLUSI\u00d3N\u201d,al presidente de ASEJU. Leer M\u00e1s Reuni\u00f3n con las mujeres participantes en el proyecto Objetivo Inclusi\u00f3n patrocinado por ASEJU: inicio de la segunda actividad Nos reunimos con un grupo de mujeres para iniciar la segunda fase del Proyecto de empoderamiento de mujeres en riesgo de exclusi\u00f3n, \u00abObjetivo Inclusi\u00f3n\u00bb, patrocinado por ASEJU. Leer M\u00e1s<\/p>\n","protected":false},"author":1,"featured_media":410,"parent":0,"menu_order":1,"comment_status":"closed","ping_status":"closed","template":"","meta":{"site-sidebar-layout":"default","site-content-layout":"","ast-site-content-layout":"default","site-content-style":"default","site-sidebar-style":"default","ast-global-header-display":"","ast-banner-title-visibility":"","ast-main-header-display":"","ast-hfb-above-header-display":"","ast-hfb-below-header-display":"","ast-hfb-mobile-header-display":"","site-post-title":"","ast-breadcrumbs-content":"","ast-featured-img":"","footer-sml-layout":"","theme-transparent-header-meta":"","adv-header-id-meta":"","stick-header-meta":"","header-above-stick-meta":"","header-main-stick-meta":"","header-below-stick-meta":"","astra-migrate-meta-layouts":"default","ast-page-background-enabled":"default","ast-page-background-meta":{"desktop":{"background-color":"var(--ast-global-color-5)","background-image":"","background-repeat":"repeat","background-position":"center center","background-size":"auto","background-attachment":"scroll","background-type":"","background-media":"","overlay-type":"","overlay-color":"","overlay-opacity":"","overlay-gradient":""},"tablet":{"background-color":"","background-image":"","background-repeat":"repeat","background-position":"center center","background-size":"auto","background-attachment":"scroll","background-type":"","background-media":"","overlay-type":"","overlay-color":"","overlay-opacity":"","overlay-gradient":""},"mobile":{"background-color":"","background-image":"","background-repeat":"repeat","background-position":"center center","background-size":"auto","background-attachment":"scroll","background-type":"","background-media":"","overlay-type":"","overlay-color":"","overlay-opacity":"","overlay-gradient":""}},"ast-content-background-meta":{"desktop":{"background-color":"var(--ast-global-color-4)","background-image":"","background-repeat":"repeat","background-position":"center center","background-size":"auto","background-attachment":"scroll","background-type":"","background-media":"","overlay-type":"","overlay-color":"","overlay-opacity":"","overlay-gradient":""},"tablet":{"background-color":"var(--ast-global-color-4)","background-image":"","background-repeat":"repeat","background-position":"center center","background-size":"auto","background-attachment":"scroll","background-type":"","background-media":"","overlay-type":"","overlay-color":"","overlay-opacity":"","overlay-gradient":""},"mobile":{"background-color":"var(--ast-global-color-4)","background-image":"","background-repeat":"repeat","background-position":"center center","background-size":"auto","background-attachment":"scroll","background-type":"","background-media":"","overlay-type":"","overlay-color":"","overlay-opacity":"","overlay-gradient":""}},"footnotes":""},"class_list":["post-2","page","type-page","status-publish","has-post-thumbnail","hentry"],"_links":{"self":[{"href":"https:\/\/amaltea-mujeres.org\/index.php?rest_route=\/wp\/v2\/pages\/2","targetHints":{"allow":["GET"]}}],"collection":[{"href":"https:\/\/amaltea-mujeres.org\/index.php?rest_route=\/wp\/v2\/pages"}],"about":[{"href":"https:\/\/amaltea-mujeres.org\/index.php?rest_route=\/wp\/v2\/types\/page"}],"author":[{"embeddable":true,"href":"https:\/\/amaltea-mujeres.org\/index.php?rest_route=\/wp\/v2\/users\/1"}],"replies":[{"embeddable":true,"href":"https:\/\/amaltea-mujeres.org\/index.php?rest_route=%2Fwp%2Fv2%2Fcomments&post=2"}],"version-history":[{"count":42,"href":"https:\/\/amaltea-mujeres.org\/index.php?rest_route=\/wp\/v2\/pages\/2\/revisions"}],"predecessor-version":[{"id":911,"href":"https:\/\/amaltea-mujeres.org\/index.php?rest_route=\/wp\/v2\/pages\/2\/revisions\/911"}],"wp:featuredmedia":[{"embeddable":true,"href":"https:\/\/amaltea-mujeres.org\/index.php?rest_route=\/wp\/v2\/media\/410"}],"wp:attachment":[{"href":"https:\/\/amaltea-mujeres.org\/index.php?rest_route=%2Fwp%2Fv2%2Fmedia&parent=2"}],"curies":[{"name":"wp","href":"https:\/\/api.w.org\/{rel}","templated":true}]}}

<h2 class="wp-block-heading"><strong>Inicio de la fase 3 del proyecto Objetivo Inclusión</strong></h2>


<p align="justify"><span style="font-family: Liberation Serif, serif;"><span style="color: #000000;"><span style="font-size: medium;">Iniciamos la tercera fase de</span></span><span style="color: #1f497d;"><span style="font-size: medium;">l </span></span><span style="color: #222222;"><span style="font-size: medium;">Proyecto de empoderamiento de mujeres en riesgo de exclusión, «Objetivo Inclusión», patrocinado por ASEJU.</span></span></span></p>
<p><a href="http://amaltea-mujeres.org/wp-content/uploads/2019/02/iniciofase3proyecto.jpg"><img loading="lazy" decoding="async" class="wp-image-905 aligncenter" src="http://amaltea-mujeres.org/wp-content/uploads/2019/02/iniciofase3proyecto-768x1024.jpg" alt="" width="364" height="485" srcset="https://amaltea-mujeres.org/wp-content/uploads/2019/02/iniciofase3proyecto-768x1024.jpg 768w, https://amaltea-mujeres.org/wp-content/uploads/2019/02/iniciofase3proyecto-225x300.jpg 225w" sizes="auto, (max-width: 364px) 100vw, 364px" /></a></p>
<p align="justify"><a href="http://amaltea-mujeres.org/?p=904">Leer más</a></p>


<h2 class="wp-block-heading">Presentación informe final, Objetivo: Inclusión</h2>


<p>Presentamos el informe final de la fase de “Información y Orientación” de nuestro proyecto “OBJETIVO: INCLUSIÓN”,al presidente de ASEJU.</p>
<p><a href="http://amaltea-mujeres.org/wp-content/uploads/2019/02/f3e8e53c-a0b0-41b2-8e7c-2b87d5c06f01.jpeg"><img loading="lazy" decoding="async" class="aligncenter  wp-image-897" src="http://amaltea-mujeres.org/wp-content/uploads/2019/02/f3e8e53c-a0b0-41b2-8e7c-2b87d5c06f01-1024x623.jpeg" alt="" width="496" height="302" srcset="https://amaltea-mujeres.org/wp-content/uploads/2019/02/f3e8e53c-a0b0-41b2-8e7c-2b87d5c06f01-1024x623.jpeg 1024w, https://amaltea-mujeres.org/wp-content/uploads/2019/02/f3e8e53c-a0b0-41b2-8e7c-2b87d5c06f01-300x183.jpeg 300w, https://amaltea-mujeres.org/wp-content/uploads/2019/02/f3e8e53c-a0b0-41b2-8e7c-2b87d5c06f01.jpeg 1600w" sizes="auto, (max-width: 496px) 100vw, 496px" /></a></p>
<p><a href="http://amaltea-mujeres.org/?p=895">Leer Más</a></p>
<p></p>


<h2 class="wp-block-heading">Reunión con las mujeres participantes en el proyecto Objetivo Inclusión patrocinado por ASEJU: inicio de la segunda actividad</h2>


<p align="justify">Nos reunimos con un grupo de mujeres para iniciar la segunda fase del Proyecto de empoderamiento de mujeres en riesgo de exclusión, «Objetivo Inclusión», patrocinado por ASEJU.</p>
<p align="justify"><a href="http://amaltea-mujeres.org/wp-content/uploads/2019/02/IMG-20190201-WA0002.jpg"><img loading="lazy" decoding="async" class="aligncenter  wp-image-851" src="http://amaltea-mujeres.org/wp-content/uploads/2019/02/IMG-20190201-WA0002-1024x768.jpg" alt="" width="448" height="336" srcset="https://amaltea-mujeres.org/wp-content/uploads/2019/02/IMG-20190201-WA0002-1024x768.jpg 1024w, https://amaltea-mujeres.org/wp-content/uploads/2019/02/IMG-20190201-WA0002-300x225.jpg 300w, https://amaltea-mujeres.org/wp-content/uploads/2019/02/IMG-20190201-WA0002.jpg 1600w" sizes="auto, (max-width: 448px) 100vw, 448px" /></a></p>
<p align="justify"><a href="http://amaltea-mujeres.org/?p=848">Leer Más</a></p>

<p>Inicio de la fase 3 del proyecto Objetivo Inclusión Iniciamos la tercera fase del Proyecto de empoderamiento de mujeres en riesgo de exclusión, «Objetivo Inclusión», patrocinado por ASEJU. Leer más Presentación informe final, Objetivo: Inclusión Presentamos el informe final de la fase de “Información y Orientación” de nuestro proyecto “OBJETIVO: INCLUSIÓN”,al presidente de ASEJU. Leer Más Reunión con las mujeres participantes en el proyecto Objetivo Inclusión patrocinado por ASEJU: inicio de la segunda actividad Nos reunimos con un grupo de mujeres para iniciar la segunda fase del Proyecto de empoderamiento de mujeres en riesgo de exclusión, «Objetivo Inclusión», patrocinado por ASEJU. Leer Más</p>
