{"id":161,"date":"2016-05-09T10:39:12","date_gmt":"2016-05-09T08:39:12","guid":{"rendered":"http:\/\/amaltea-mujeres.org\/?page_id=161"},"modified":"2016-06-17T14:37:37","modified_gmt":"2016-06-17T12:37:37","slug":"manifiesto","status":"publish","type":"page","link":"http:\/\/amaltea-mujeres.org\/?page_id=161","title":{"rendered":"Manifiesto"},"content":{"rendered":"<p><strong>AMALTEA<\/strong> es una asociaci\u00f3n de mujeres solidarias, feministas y progresistas nacida para comprometerse por la igualdad en nuestro pa\u00eds y donde quiera que \u00e9sta falte. Por eso, queremos llenar de contenido igualitario las formas democr\u00e1ticas, los instrumentos de la justicia y los objetivos de la solidaridad.<\/p>\n<p>Los niveles de equidad que hemos conquistado son tan v\u00e1lidos como insuficientes y el bienestar conseguido tan real como incompleto. Por eso nos planteamos, ante todo, impedir cualquier retroceso en nuestros derechos, consolidar su arraigo y seguir avanzando en su universalizaci\u00f3n.<\/p>\n<p>La desigualdad tiene rostros, cifras y responsables: hay m\u00e1s mujeres en paro, nuestros salarios son m\u00e1s bajos, nuestros trabajos m\u00e1s precarios y nuestras obligaciones dom\u00e9sticas ineludibles. Proponemos dar respuestas eficaces para conseguir la igualdad para las mujeres.<\/p>\n<p>A\u00fan no hemos alcanzado los objetivos deseados pero tenemos tiempo, ideas, convicciones y la voluntad de no conformarnos con lo que ya se logr\u00f3. El pr\u00f3ximo paso es siempre el importante: otras mujeres en el mundo ya lo han dado y nosotras queremos seguirlas y avanzar juntas, aport\u00e1ndoles nuestra fuerza y diversidad.<\/p>\n<p>Para ello, apostamos por la fortaleza, la organizaci\u00f3n, la influencia sobre los gobiernos, las instituciones, las empresas y los agentes sociales, queremos ser capaces, desde <strong>AMALTEA<\/strong>, de crear opini\u00f3n.<\/p>\n<p>Cada vez son m\u00e1s las mujeres que pertenecen a los \u00e1mbitos de poder y toma de decisiones, pero no es suficiente. Son imprescindibles todas las voces de todas las dem\u00e1s que, colectivamente y desde abajo, desde <strong>AMALTEA<\/strong> por ejemplo, deben poder opinar y exigir los cambios que necesitamos.<\/p>\n<p>Nuestra asociaci\u00f3n quiere pensar y actuar, producir ideas nuevas contra los viejos valores establecidos para reivindicar lo que nos pertenece. Ofrecemos un espacio abierto a la participaci\u00f3n: para obtener informaci\u00f3n, formar opini\u00f3n colectiva, plantear nuevas demandas y luchar contra la desigualdad.<\/p>\n<p><strong>AMALTEA<\/strong> va a preservar su independencia frente a cualquier sometimiento, control o manipulaci\u00f3n que desvirt\u00fae la consecuci\u00f3n de sus objetivos.<\/p>\n","protected":false},"excerpt":{"rendered":"<p>AMALTEA es una asociaci\u00f3n de mujeres solidarias, feministas y progresistas nacida para comprometerse por la igualdad en nuestro pa\u00eds y donde quiera que \u00e9sta falte. Por eso, queremos llenar de contenido igualitario las formas democr\u00e1ticas, los instrumentos de la justicia y los objetivos de la solidaridad. Los niveles de equidad que hemos conquistado son tan v\u00e1lidos como insuficientes y el bienestar conseguido tan real como incompleto. Por eso nos planteamos, ante todo, impedir cualquier retroceso en nuestros derechos, consolidar su arraigo y seguir avanzando en su universalizaci\u00f3n. La desigualdad tiene rostros, cifras y responsables: hay m\u00e1s mujeres en paro, nuestros salarios son m\u00e1s bajos, nuestros trabajos m\u00e1s precarios y nuestras [&hellip;]<\/p>\n","protected":false},"author":1,"featured_media":0,"parent":0,"menu_order":2,"comment_status":"closed","ping_status":"closed","template":"","meta":{"site-sidebar-layout":"default","site-content-layout":"","ast-site-content-layout":"default","site-content-style":"default","site-sidebar-style":"default","ast-global-header-display":"","ast-banner-title-visibility":"","ast-main-header-display":"","ast-hfb-above-header-display":"","ast-hfb-below-header-display":"","ast-hfb-mobile-header-display":"","site-post-title":"","ast-breadcrumbs-content":"","ast-featured-img":"","footer-sml-layout":"","theme-transparent-header-meta":"","adv-header-id-meta":"","stick-header-meta":"","header-above-stick-meta":"","header-main-stick-meta":"","header-below-stick-meta":"","astra-migrate-meta-layouts":"default","ast-page-background-enabled":"default","ast-page-background-meta":{"desktop":{"background-color":"var(--ast-global-color-5)","background-image":"","background-repeat":"repeat","background-position":"center center","background-size":"auto","background-attachment":"scroll","background-type":"","background-media":"","overlay-type":"","overlay-color":"","overlay-opacity":"","overlay-gradient":""},"tablet":{"background-color":"","background-image":"","background-repeat":"repeat","background-position":"center center","background-size":"auto","background-attachment":"scroll","background-type":"","background-media":"","overlay-type":"","overlay-color":"","overlay-opacity":"","overlay-gradient":""},"mobile":{"background-color":"","background-image":"","background-repeat":"repeat","background-position":"center center","background-size":"auto","background-attachment":"scroll","background-type":"","background-media":"","overlay-type":"","overlay-color":"","overlay-opacity":"","overlay-gradient":""}},"ast-content-background-meta":{"desktop":{"background-color":"var(--ast-global-color-4)","background-image":"","background-repeat":"repeat","background-position":"center center","background-size":"auto","background-attachment":"scroll","background-type":"","background-media":"","overlay-type":"","overlay-color":"","overlay-opacity":"","overlay-gradient":""},"tablet":{"background-color":"var(--ast-global-color-4)","background-image":"","background-repeat":"repeat","background-position":"center center","background-size":"auto","background-attachment":"scroll","background-type":"","background-media":"","overlay-type":"","overlay-color":"","overlay-opacity":"","overlay-gradient":""},"mobile":{"background-color":"var(--ast-global-color-4)","background-image":"","background-repeat":"repeat","background-position":"center center","background-size":"auto","background-attachment":"scroll","background-type":"","background-media":"","overlay-type":"","overlay-color":"","overlay-opacity":"","overlay-gradient":""}},"footnotes":""},"class_list":["post-161","page","type-page","status-publish","hentry"],"_links":{"self":[{"href":"http:\/\/amaltea-mujeres.org\/index.php?rest_route=\/wp\/v2\/pages\/161","targetHints":{"allow":["GET"]}}],"collection":[{"href":"http:\/\/amaltea-mujeres.org\/index.php?rest_route=\/wp\/v2\/pages"}],"about":[{"href":"http:\/\/amaltea-mujeres.org\/index.php?rest_route=\/wp\/v2\/types\/page"}],"author":[{"embeddable":true,"href":"http:\/\/amaltea-mujeres.org\/index.php?rest_route=\/wp\/v2\/users\/1"}],"replies":[{"embeddable":true,"href":"http:\/\/amaltea-mujeres.org\/index.php?rest_route=%2Fwp%2Fv2%2Fcomments&post=161"}],"version-history":[{"count":3,"href":"http:\/\/amaltea-mujeres.org\/index.php?rest_route=\/wp\/v2\/pages\/161\/revisions"}],"predecessor-version":[{"id":528,"href":"http:\/\/amaltea-mujeres.org\/index.php?rest_route=\/wp\/v2\/pages\/161\/revisions\/528"}],"wp:attachment":[{"href":"http:\/\/amaltea-mujeres.org\/index.php?rest_route=%2Fwp%2Fv2%2Fmedia&parent=161"}],"curies":[{"name":"wp","href":"https:\/\/api.w.org\/{rel}","templated":true}]}}