{"id":153,"date":"2016-05-07T21:46:03","date_gmt":"2016-05-07T19:46:03","guid":{"rendered":"http:\/\/amaltea-mujeres.org\/?page_id=153"},"modified":"2016-05-10T20:49:29","modified_gmt":"2016-05-10T18:49:29","slug":"objetivos","status":"publish","type":"page","link":"http:\/\/amaltea-mujeres.org\/?page_id=153","title":{"rendered":"Objetivos"},"content":{"rendered":"<p>Nos planteamos, ante todo, impedir cualquier retroceso en nuestros derechos, consolidar su arraigo y seguir avanzando en su universalizaci\u00f3n.<\/p>\n<p>Nuestra asociaci\u00f3n quiere pensar y actuar, producir ideas nuevas contra los viejos valores establecidos para reivindicar lo que nos pertenece. Para ello, ofrecemos un espacio abierto a la participaci\u00f3n para el intercambio de informaci\u00f3n, la formaci\u00f3n de opini\u00f3n colectiva, y el planteamiento de nuevas demanda, siempre en lucha contra la desigualdad.<\/p>\n<p>Nuestros objetivos se resumen en los siguientes:<\/p>\n<p><span style=\"color: #db0900;\"><strong>A<\/strong><\/span>brir nuevos espacios para formar a la sociedad en el rechazo a la violencia de g\u00e9nero.<br \/>\n<span style=\"color: #db0900;\"><strong>M<\/strong><\/span>ejorar la atenci\u00f3n a la diversidad para conseguir una mayor integraci\u00f3n social de todas las mujeres<br \/>\n<span style=\"color: #db0900;\"><strong>A<\/strong><\/span>vanzar y profundizar en la libertad, el respeto, la igualdad, la tolerancia, la solidaridad y la justicia<br \/>\n<span style=\"color: #db0900;\"><strong>L<\/strong><\/span>uchar contra la discriminaci\u00f3n sea por raz\u00f3n de nacimiento, raza, sexo, religi\u00f3n, opini\u00f3n o capacidad.<br \/>\n<span style=\"color: #db0900;\"><strong>T<\/strong><\/span>rabajar en el uso de un modelo de resoluci\u00f3n de conflictos adecuado<br \/>\n<span style=\"color: #db0900;\"><strong>E<\/strong><\/span>ducar en valores para comprender, para progresar, para entenderse, para imaginar&#8230;<br \/>\n<span style=\"color: #db0900;\"><strong>A<\/strong><\/span>maltea estar\u00e1 donde haya una mujer en situaci\u00f3n de exclusi\u00f3n<\/p>\n","protected":false},"excerpt":{"rendered":"<p>Nos planteamos, ante todo, impedir cualquier retroceso en nuestros derechos, consolidar su arraigo y seguir avanzando en su universalizaci\u00f3n. Nuestra asociaci\u00f3n quiere pensar y actuar, producir ideas nuevas contra los viejos valores establecidos para reivindicar lo que nos pertenece. Para ello, ofrecemos un espacio abierto a la participaci\u00f3n para el intercambio de informaci\u00f3n, la formaci\u00f3n de opini\u00f3n colectiva, y el planteamiento de nuevas demanda, siempre en lucha contra la desigualdad. Nuestros objetivos se resumen en los siguientes: Abrir nuevos espacios para formar a la sociedad en el rechazo a la violencia de g\u00e9nero. Mejorar la atenci\u00f3n a la diversidad para conseguir una mayor integraci\u00f3n social de todas las mujeres Avanzar [&hellip;]<\/p>\n","protected":false},"author":1,"featured_media":0,"parent":0,"menu_order":3,"comment_status":"closed","ping_status":"closed","template":"","meta":{"site-sidebar-layout":"default","site-content-layout":"","ast-site-content-layout":"default","site-content-style":"default","site-sidebar-style":"default","ast-global-header-display":"","ast-banner-title-visibility":"","ast-main-header-display":"","ast-hfb-above-header-display":"","ast-hfb-below-header-display":"","ast-hfb-mobile-header-display":"","site-post-title":"","ast-breadcrumbs-content":"","ast-featured-img":"","footer-sml-layout":"","theme-transparent-header-meta":"","adv-header-id-meta":"","stick-header-meta":"","header-above-stick-meta":"","header-main-stick-meta":"","header-below-stick-meta":"","astra-migrate-meta-layouts":"default","ast-page-background-enabled":"default","ast-page-background-meta":{"desktop":{"background-color":"var(--ast-global-color-5)","background-image":"","background-repeat":"repeat","background-position":"center center","background-size":"auto","background-attachment":"scroll","background-type":"","background-media":"","overlay-type":"","overlay-color":"","overlay-opacity":"","overlay-gradient":""},"tablet":{"background-color":"","background-image":"","background-repeat":"repeat","background-position":"center center","background-size":"auto","background-attachment":"scroll","background-type":"","background-media":"","overlay-type":"","overlay-color":"","overlay-opacity":"","overlay-gradient":""},"mobile":{"background-color":"","background-image":"","background-repeat":"repeat","background-position":"center center","background-size":"auto","background-attachment":"scroll","background-type":"","background-media":"","overlay-type":"","overlay-color":"","overlay-opacity":"","overlay-gradient":""}},"ast-content-background-meta":{"desktop":{"background-color":"var(--ast-global-color-4)","background-image":"","background-repeat":"repeat","background-position":"center center","background-size":"auto","background-attachment":"scroll","background-type":"","background-media":"","overlay-type":"","overlay-color":"","overlay-opacity":"","overlay-gradient":""},"tablet":{"background-color":"var(--ast-global-color-4)","background-image":"","background-repeat":"repeat","background-position":"center center","background-size":"auto","background-attachment":"scroll","background-type":"","background-media":"","overlay-type":"","overlay-color":"","overlay-opacity":"","overlay-gradient":""},"mobile":{"background-color":"var(--ast-global-color-4)","background-image":"","background-repeat":"repeat","background-position":"center center","background-size":"auto","background-attachment":"scroll","background-type":"","background-media":"","overlay-type":"","overlay-color":"","overlay-opacity":"","overlay-gradient":""}},"footnotes":""},"class_list":["post-153","page","type-page","status-publish","hentry"],"_links":{"self":[{"href":"http:\/\/amaltea-mujeres.org\/index.php?rest_route=\/wp\/v2\/pages\/153","targetHints":{"allow":["GET"]}}],"collection":[{"href":"http:\/\/amaltea-mujeres.org\/index.php?rest_route=\/wp\/v2\/pages"}],"about":[{"href":"http:\/\/amaltea-mujeres.org\/index.php?rest_route=\/wp\/v2\/types\/page"}],"author":[{"embeddable":true,"href":"http:\/\/amaltea-mujeres.org\/index.php?rest_route=\/wp\/v2\/users\/1"}],"replies":[{"embeddable":true,"href":"http:\/\/amaltea-mujeres.org\/index.php?rest_route=%2Fwp%2Fv2%2Fcomments&post=153"}],"version-history":[{"count":2,"href":"http:\/\/amaltea-mujeres.org\/index.php?rest_route=\/wp\/v2\/pages\/153\/revisions"}],"predecessor-version":[{"id":350,"href":"http:\/\/amaltea-mujeres.org\/index.php?rest_route=\/wp\/v2\/pages\/153\/revisions\/350"}],"wp:attachment":[{"href":"http:\/\/amaltea-mujeres.org\/index.php?rest_route=%2Fwp%2Fv2%2Fmedia&parent=153"}],"curies":[{"name":"wp","href":"https:\/\/api.w.org\/{rel}","templated":true}]}}